what is -1023 - -133?
-450
In base 10, what is 96183 - -6?
96189
In base 6, what is -1 + -34544?
-34545
In base 15, what is d2 + -a6?
2b
In base 7, what is 6564 - -2352?
12246
In base 10, what is -286 + -85?
-371
In base 7, what is -3 + 13460?
13454
In base 7, what is -5 - 2235161?
-2235166
In base 8, what is -61 - -41114?
41033
In base 4, what is -12311302 - 1?
-12311303
In base 16, what is -c7 + 1e?
-a9
In base 15, what is 4 + -255bd8?
-255bd4
In base 10, what is -50373 - 5?
-50378
In base 4, what is -13 + 11002012?
11001333
In base 14, what is d6b8 - 3?
d6b5
In base 2, what is 1010111101000100110 + 0?
1010111101000100110
In base 8, what is -11113416 - -5?
-11113411
In base 7, what is -1141 - -1221?
50
In base 14, what is -231 - b5?
-306
In base 2, what is -1010100100101101011 - 110?
-1010100100101110001
In base 12, what is -83 - -1b2b?
1a68
In base 2, what is -1001111011 - 1111000001?
-11000111100
In base 16, what is -1 - 938f2?
-938f3
In base 3, what is -22101212 - 12?
-22102001
In base 12, what is -2 + 21178?
21176
In base 11, what is -63a74 + 2?
-63a72
In base 4, what is 13 + -101002033?
-101002020
In base 14, what is 7768 - 28?
7740
In base 8, what is 1253325 - 1?
1253324
In base 5, what is -143422031 + -2?
-143422033
In base 15, what is 6 - aee?
-ae8
In base 15, what is 1 + -13571?
-13570
In base 8, what is 22500 - -116?
22616
In base 10, what is -453 + 591?
138
In base 3, what is -120 + 20212212101?
20212211211
In base 9, what is -106 - 15851?
-16057
In base 13, what is -51305 - 3?
-51308
In base 11, what is 7 + -1611a?
-16113
In base 7, what is 164 - -504?
1001
In base 3, what is 20112110101201 - 2?
20112110101122
In base 14, what is 433 - 32d?
104
In base 5, what is 11 + 222310?
222321
In base 8, what is 3 + -527734?
-527731
In base 7, what is 106006 + 34?
106043
In base 5, what is -10 - -242422?
242412
In base 4, what is 332012 - 1303?
330103
In base 15, what is 44a + -88?
3b2
In base 5, what is 1201 + 33402?
40103
In base 7, what is 5144 - -103?
5250
In base 15, what is 4 + -79cc5?
-79cc1
In base 16, what is -74d - 1e?
-76b
In base 12, what is 420a97 + -3?
420a94
In base 3, what is -112022 - 20211110?
-21100202
In base 2, what is -10100 - -101110000001?
101101101101
In base 16, what is 6 - aa38?
-aa32
In base 3, what is -100000021020 - 12?
-100000021102
In base 16, what is e - -1c8?
1d6
In base 11, what is 114 + -a36?
-922
In base 4, what is -2 - 313032?
-313100
In base 9, what is -153 - -5366?
5213
In base 12, what is -9 - 33490?
-33499
In base 6, what is 504414 + 4?
504422
In base 7, what is -3 + 1423250?
1423244
In base 15, what is 6 - 50d?
-507
In base 13, what is -79 + 1aa1?
1a25
In base 15, what is a + c89?
c94
In base 7, what is 14346 - 123?
14223
In base 13, what is 4 - -5079?
5080
In base 3, what is 1 + 201201212?
201201220
In base 12, what is 10 + -2935?
-2925
In base 4, what is -11030322 + 12?
-11030310
In base 7, what is -432 + 12540?
12105
In base 11, what is 277 + 153?
41a
In base 2, what is -10010101011101101001 - -101?
-10010101011101100100
In base 13, what is -227 + -b8?
-312
In base 16, what is 6 - -1a6b?
1a71
In base 4, what is -3030332 - 21?
-3031013
In base 4, what is -131 + 23233?
23102
In base 13, what is -54179 + -4?
-54180
In base 2, what is -101000101000111110 + 0?
-101000101000111110
In base 6, what is 3325 + -1540?
1345
In base 6, what is 131424 + 4?
131432
In base 6, what is 3105 - -55?
3204
In base 7, what is -45245 + -1?
-45246
In base 12, what is -16 + -1657?
-1671
In base 16, what is 4d + -187?
-13a
In base 8, what is -7 - 42331?
-42340
In base 6, what is 54 + 1315220?
1315314
In base 2, what is -11 + 110110110111100?
110110110111001
In base 8, what is 3 - 33061?
-33056
In base 8, what is 3 + -4662?
-4657
In base 5, what is 2403324 + -1?
2403323
In base 3, what is 1000212 + -1201020?
-200101
In base 13, what is -18c28 - -3?
-18c25
In base 3, what is 2 + -202121101?
-202121022
In base 14, what is -5 - -1941?
193a
In base 6, what is 240041 - 2?
240035
In base 3, what is 20110 - 121121?
-101011
In base 5, what is -132110 + -3?
-132113
In base 5, what is -2114213132 + -1?
-2114213133
In base 10, what is -17 + 8058?
8041
In base 9, what is 1080 - 23?
1056
In base 2, what is 110101000111101101110 + -11?
110101000111101101011
In base 6, what is -151420 + 1435?
-145541
In base 16, what is -1e538 + -5?
-1e53d
In base 8, what is -3 + 21760?
21755
In base 10, what is -1220526 - 0?
-1220526
In base 4, what is 13 + 12200113?
12200132
In base 8, what is 10726 + -203?
10523
In base 12, what is 0 - 19a33?
-19a33
In base 15, what is 97 - -5?
9c
In base 16, what is -94f + 1fc?
-753
In base 11, what is -3a9 - 281?
-67a
In base 7, what is 30412 + 0?
30412
In base 5, what is -10 - 21044421?
-21044431
In base 3, what is 1210021200 - 21?
1210021102
In base 13, what is 2 - 1400?
-13cb
In base 6, what is -55512122 + 0?
-55512122
In base 4, what is 1332333213 + 1?
1332333220
In base 2, what is 1 - -10011011000100?
10011011000101
In base 9, what is 268220 + -2?
268217
In base 3, what is 1010220122101 - 2?
1010220122022
In base 13, what is 1 - -ba28?
ba29
In base 3, what is 2 + 121201012?
121201021
In base 12, what is 50 + 29b1?
2a41
In base 8, what is -47345 + 2?
-47343
In base 10, what is 3 + 31425?
31428
In base 12, what is 147143 + -5?
14713a
In base 14, what is -733979 - 0?
-733979
In base 8, what is -3161566 - 1?
-3161567
In base 12, what is -a58a + 2?
-a588
In base 12, what is 55a - 270?
2aa
In base 6, what is 5 - -11550443?
11550452
In base 12, what is -1a4 - 226?
-40a
In base 5, what is 10 - 2140?
-2130
In base 10, what is -145 + 1027?
882
In base 15, what is -deedd - 4?
-deee2
In base 3, what is 0 - -212121220?
212121220
In base 2, what is 110100111000010111 - -11?
110100111000011010
In base 7, what is 2604 + 21?
2625
In base 16, what is b + 1f87?
1f92
In base 10, what is -54775 - -1?
-54774
In base 5, what is -10231420 + 21?
-10231344
In base 8, what is -201 + -1630?
-2031
In base 2, what is 1000000101111010010 + -10?
1000000101111010000
In base 4, what is -12331023 - -1?
-12331022
In base 5, what is -3 - 40044034?
-40044042
In base 9, what is 230 - -17?
247
In base 16, what is 5 + ade?
ae3
In base 9, what is -5 - 3878106?
-3878112
In base 10, what is -9 + 550?
541
In base 13, what is 4 - 360c?
-3608
In base 11, what is 94641 + -7?
94635
In base 2, what is 101001101101 - -10100?
101010000001
In base 6, what is -543214 - -4?
-543210
In base 4, what is 1001 + -12021?
-11020
In base 12, what is -8026b + 2?
-80269
In base 13, what is 181 + 1c0c?
2090
In base 16, what is -f - 65a?
-669
In base 2, what is -100000101011 - 11010?
-100001000101
In base 10, what is 68 - -1734?
1802
In base 8, what is -11451 - 645?
-12316
In base 15, what is -1b - bb1?
-bcc
In base 8, what is -25245 + 2?
-25243
In base 11, what is -168a6 + -2?
-168a8
In base 10, what is -84 + -2965?
-3049
In base 6, what is 1521 - -3420?
5341
In base 14, what is b121c - 0?
b121c
In base 5, what is 403340 + -121?
403214
In base 7, what is -5 + 2550416?
2550411
In base 5, what is -112040343 + -3?
-112040401
In base 13, what is 11aa313 - 4?
11aa30c
In base 13, what is -23b7 - -28?
-238c
In base 14, what is 3 + -1966d7?
-1966d4
In base 3, what is -10121212 + 11?
-10121201
In base 6, what is 43543 + -15?
43524
In base 11, what is -6 - 78a9?
-7904
In base 7, what is -3 - -560652?
560646
In base 9, what is 17 - 6400?
-6372
In base 6, what is 4505 + 115?
5024
In base 7, what is 4 + 4503143?
4503150
In base 16, what is -1d + -1b4c?
-1b69
In base 12, what is -688 - 34?
-700
In base 15, what is 2c - -a02e?
a05b
In base 5, what is 40 + 1214?
1304
In base 10, what is -1 + 12738?
12737
In base 16, what is 4b5 + fa?
5af
In base 6, what is 45 + -1150?
-1101
In base 10, what is -589714 - -5?
-589709
In base 13, what is 53b1 - -1?
53b2
In base 16, what is -6916 - -e?
-6908
In base 2, what is -10 - -11010011000110011?
11010011000110001
In base 12, what is 8 + 281b9?
28205
In base 2, what is -101000010100000 + -110?
-101000010100110
In base 5, what is 313230 - 1?
313224
In base 10, what is -20832 + 102?
-20730
In base 5, what is -42410 - -4224?
-33131
In base 16, what is -2 + -a9a02?
-a9a04
In base 14, what is 6263 + -20?
6243
In base 10, what is 285269 + -1?
285268
In base